{"id":9,"date":"2020-05-15T11:04:14","date_gmt":"2020-05-15T11:04:14","guid":{"rendered":"https:\/\/mcpf2020.mcpf.ch\/MCPF2020NewSite\/?page_id=9"},"modified":"2024-10-13T12:26:27","modified_gmt":"2024-10-13T12:26:27","slug":"a-propos-de","status":"publish","type":"page","link":"https:\/\/devtest.mcpf.ch\/?page_id=9","title":{"rendered":"\u00c0 propos du MCPF"},"content":{"rendered":"<p><strong>Qui sommes nous ?<\/strong><br>Le&nbsp;<span style=\"color:#276f9b\" class=\"has-inline-color\">MCPF&nbsp;\u2013 Mouvement de la CoParentalit\u00e9 Fribourg <\/span>oeuvre pour une \u00e9quivalence parentale, pour que chaque enfant puisse avoir une place \u00e9quilibr\u00e9e aupr\u00e8s de ses deux parents.<br><br>Fond\u00e9e en 2004, nous sommes une association \u00e0 but non lucratif.<br>Notre comit\u00e9 est constitu\u00e9 de membres b\u00e9n\u00e9voles. Nous soutenons un mouvement, ouvert aux parents, ainsi qu&rsquo;\u00e0 toutes personnes physiques ou morales int\u00e9ress\u00e9es par la cause de la coparentalit\u00e9.<br><br>Le MCPF soutient les activit\u00e9s activement dans leurs d\u00e9marches, la <span style=\"color:#276f9b\" class=\"has-inline-color\">Coordination Romande des Organisations Paternelles (CROP)<\/span> et <span style=\"color:#276f9b\" class=\"has-inline-color\">GeCoBi<\/span>.<\/p><p><strong>Notre but ?<br><\/strong>Promouvoir, dans l&rsquo;int\u00e9r\u00eat des enfants, l&rsquo;\u00e9quivalence et la coresponsabilit\u00e9 parentale, notamment lors de situations conflictuelles, en contribuant entre autres \u00e0 faire \u00e9voluer la l\u00e9gislation.<br><br>Pr\u00e9venir les conflits et de la violence familiale tant psychique que physique.<br><br>Accueillir, informer, conseiller et soutenir les parents s\u00e9par\u00e9s dans leurs choix et leurs d\u00e9marches.<\/p><p><strong>Nos actions ?<\/strong><br><span style=\"color:#276f9b\" class=\"has-inline-color\">SOS Parents au no\u00a0078 616 54 55<\/span><br>Une permanence t\u00e9l\u00e9phonique 24\/24 7\/7 \u00e0 votre \u00e9coute, en cas de situations difficiles ou de besoin de conseils.<br><br><span style=\"color:#276f9b\" class=\"has-inline-color\">Parents contacts le premier mardi de chaque mois<\/span><br>Etre en communion, permettre le partage d&rsquo;exp\u00e9riences et s&rsquo;entraider en \u00e9changeant sur nos difficult\u00e9s.<br><br><a href=\"http:\/\/www.mcpf.ch\/\">www.mcpf.ch<\/a><br>Tenez-vous inform\u00e9s, au travers de notre site, concernant nos activit\u00e9s et toute information relative aux droits des parents ou de changements de notre constitution.<br><br><span style=\"color:#276f9b\" class=\"has-inline-color\">Organiser et participer aux manifestations<\/span> <br>Soyez nombreux \u00e0 participer \u00e0 un moment de convivialit\u00e9 \u00e0 l&rsquo;occasion d&rsquo;un de nos \u00e9v\u00e9nements li\u00e9es \u00e0 la coparentalit\u00e9 et\/ou aux droits de l&rsquo;enfant.<br><br>Entretenir des relations constructives avec les autorit\u00e9s, les institutions, les associations et toutes personnes confront\u00e9es \u00e0 ces probl\u00e8mes.<\/p><p><strong>Nos moyens ?<\/strong><br>Dons d&rsquo;entreprises, cotisations de nos membres.<br><br>Le&nbsp;MCPF&nbsp;est ind\u00e9pendant de tout parti politique et s&rsquo;interdit toute discrimination en raison du statut de ses membres.<\/p>","protected":false},"excerpt":{"rendered":"<p>Qui sommes nous ?Le&nbsp;MCPF&nbsp;\u2013 Mouvement de la CoParentalit\u00e9 Fribourg oeuvre pour une \u00e9quivalence parentale, pour que chaque enfant puisse avoir une place \u00e9quilibr\u00e9e aupr\u00e8s de ses deux parents. Fond\u00e9e en 2004, nous sommes une association \u00e0 but non lucratif.Notre comit\u00e9 est constitu\u00e9 de membres b\u00e9n\u00e9voles. Nous soutenons un mouvement, ouvert aux parents, ainsi qu&rsquo;\u00e0 toutes &#8230; <a title=\"\u00c0 propos du MCPF\" class=\"read-more\" href=\"https:\/\/devtest.mcpf.ch\/?page_id=9\" aria-label=\"En savoir plus sur \u00c0 propos du MCPF\">Lire la suite<\/a><\/p>\n","protected":false},"author":1,"featured_media":0,"parent":0,"menu_order":0,"comment_status":"closed","ping_status":"closed","template":"","meta":{"footnotes":""},"class_list":["post-9","page","type-page","status-publish"],"_links":{"self":[{"href":"https:\/\/devtest.mcpf.ch\/index.php?rest_route=\/wp\/v2\/pages\/9"}],"collection":[{"href":"https:\/\/devtest.mcpf.ch\/index.php?rest_route=\/wp\/v2\/pages"}],"about":[{"href":"https:\/\/devtest.mcpf.ch\/index.php?rest_route=\/wp\/v2\/types\/page"}],"author":[{"embeddable":true,"href":"https:\/\/devtest.mcpf.ch\/index.php?rest_route=\/wp\/v2\/users\/1"}],"replies":[{"embeddable":true,"href":"https:\/\/devtest.mcpf.ch\/index.php?rest_route=%2Fwp%2Fv2%2Fcomments&post=9"}],"version-history":[{"count":3,"href":"https:\/\/devtest.mcpf.ch\/index.php?rest_route=\/wp\/v2\/pages\/9\/revisions"}],"predecessor-version":[{"id":386,"href":"https:\/\/devtest.mcpf.ch\/index.php?rest_route=\/wp\/v2\/pages\/9\/revisions\/386"}],"wp:attachment":[{"href":"https:\/\/devtest.mcpf.ch\/index.php?rest_route=%2Fwp%2Fv2%2Fmedia&parent=9"}],"curies":[{"name":"wp","href":"https:\/\/api.w.org\/{rel}","templated":true}]}}

À propos du MCPF

<p><strong>Qui sommes nous ?</strong><br>Le&nbsp;<span style="color:#276f9b" class="has-inline-color">MCPF&nbsp;– Mouvement de la CoParentalité Fribourg </span>oeuvre pour une équivalence parentale, pour que chaque enfant puisse avoir une place équilibrée auprès de ses deux parents.<br><br>Fondée en 2004, nous sommes une association à but non lucratif.<br>Notre comité est constitué de membres bénévoles. Nous soutenons un mouvement, ouvert aux parents, ainsi qu&rsquo;à toutes personnes physiques ou morales intéressées par la cause de la coparentalité.<br><br>Le MCPF soutient les activités activement dans leurs démarches, la <span style="color:#276f9b" class="has-inline-color">Coordination Romande des Organisations Paternelles (CROP)</span> et <span style="color:#276f9b" class="has-inline-color">GeCoBi</span>.</p><p><strong>Notre but ?<br></strong>Promouvoir, dans l&rsquo;intérêt des enfants, l&rsquo;équivalence et la coresponsabilité parentale, notamment lors de situations conflictuelles, en contribuant entre autres à faire évoluer la législation.<br><br>Prévenir les conflits et de la violence familiale tant psychique que physique.<br><br>Accueillir, informer, conseiller et soutenir les parents séparés dans leurs choix et leurs démarches.</p><p><strong>Nos actions ?</strong><br><span style="color:#276f9b" class="has-inline-color">SOS Parents au no 078 616 54 55</span><br>Une permanence téléphonique 24/24 7/7 à votre écoute, en cas de situations difficiles ou de besoin de conseils.<br><br><span style="color:#276f9b" class="has-inline-color">Parents contacts le premier mardi de chaque mois</span><br>Etre en communion, permettre le partage d&rsquo;expériences et s&rsquo;entraider en échangeant sur nos difficultés.<br><br><a href="http://www.mcpf.ch/">www.mcpf.ch</a><br>Tenez-vous informés, au travers de notre site, concernant nos activités et toute information relative aux droits des parents ou de changements de notre constitution.<br><br><span style="color:#276f9b" class="has-inline-color">Organiser et participer aux manifestations</span> <br>Soyez nombreux à participer à un moment de convivialité à l&rsquo;occasion d&rsquo;un de nos événements liées à la coparentalité et/ou aux droits de l&rsquo;enfant.<br><br>Entretenir des relations constructives avec les autorités, les institutions, les associations et toutes personnes confrontées à ces problèmes.</p><p><strong>Nos moyens ?</strong><br>Dons d&rsquo;entreprises, cotisations de nos membres.<br><br>Le&nbsp;MCPF&nbsp;est indépendant de tout parti politique et s&rsquo;interdit toute discrimination en raison du statut de ses membres.</p>

<p>Qui sommes nous ?Le&nbsp;MCPF&nbsp;– Mouvement de la CoParentalité Fribourg oeuvre pour une équivalence parentale, pour que chaque enfant puisse avoir une place équilibrée auprès de ses deux parents. Fondée en 2004, nous sommes une association à but non lucratif.Notre comité est constitué de membres bénévoles. Nous soutenons un mouvement, ouvert aux parents, ainsi qu&rsquo;à toutes &#8230; <a title="À propos du MCPF" class="read-more" href="https://devtest.mcpf.ch/?page_id=9" aria-label="En savoir plus sur À propos du MCPF">Lire la suite</a></p>
