{"id":71,"date":"2022-08-08T12:47:31","date_gmt":"2022-08-08T12:47:31","guid":{"rendered":"https:\/\/mcpf2020.mcpf.ch\/MCPF2020NewSite\/?page_id=71"},"modified":"2024-02-21T18:12:27","modified_gmt":"2024-02-21T18:12:27","slug":"a-propos-du-mcpf","status":"publish","type":"page","link":"https:\/\/devtest.mcpf.ch\/?page_id=71","title":{"rendered":"A Propos de la CROP"},"content":{"rendered":"<p class=\"has-contrast-2-color has-text-color\">La cr\u00e9ation de la Coordination Romande des Organisations Paternelles (CROP) en 2007 est la r\u00e9ponse donn\u00e9e par divers mouvements de Suisse francophone \u00e0 leur besoin de renforcer leurs actions communes, en unissant leurs forces.<\/p><p class=\"has-contrast-2-color has-text-color\">Objectifs :<\/p><ul class=\"has-contrast-2-color has-text-color wp-block-list\"><li>la centralisation, l&rsquo;\u00e9change et la diffusion d&rsquo;informations,<\/li>\n\n<li>la promotion de la co-parentalit\u00e9,<\/li>\n\n<li>les actions de lobbying au niveau de la Suisse francophone,<\/li>\n\n<li>la coordination avec les organisations homologues de Suisse al\u00e9manique et de Suisse italienne.<\/li><\/ul><p class=\"has-contrast-2-color has-text-color\">La CROP compl\u00e8te l&rsquo;action des organisations qui y ont adh\u00e9r\u00e9, selon le principe de la subsidiarit\u00e9.<\/p><p class=\"has-contrast-2-color has-text-color\">Elle agit par son Bureau, lequel comprend les d\u00e9l\u00e9gu\u00e9s des organisations membres et des organisations invit\u00e9es (avec voix consultative), ainsi que des membres invit\u00e9s \u00e0 titre personnel pour conduire des actions ou pour partager leur expertise dans divers domaines.<\/p><p class=\"has-contrast-2-color has-text-color\">Elle coordonne son action avec celle de l&rsquo;<a href=\"http:\/\/www.gecobi.ch\/\" target=\"_blank\" rel=\"noreferrer noopener\">Association suisse pour la coparentalit\u00e9 (GeCoBi)<\/a>.<\/p><p class=\"has-contrast-2-color has-text-color\">Les mouvements suivants ont adh\u00e9r\u00e9 \u00e0 ce jour \u00e0 la CROP :<\/p><p><a rel=\"noreferrer noopener\" href=\"http:\/\/www.ajcp.ch\/\" target=\"_blank\">AJCP &#8211; Association jurassienne pour la coparentalit\u00e9 (Canton du Jura, Jura bernois et Bienne)<\/a><br><a rel=\"noreferrer noopener\" href=\"http:\/\/www.mcpf.ch\/\" target=\"_blank\">MCPF &#8211; Mouvement de la CoParentalit\u00e9 Fribourg<\/a><br><a rel=\"noreferrer noopener\" href=\"http:\/\/www.mcpv.ch\/\" target=\"_blank\">MCPV &#8211; Mouvement de la Condition Paternelle Vaud<\/a><br><a rel=\"noreferrer noopener\" href=\"http:\/\/www.pptg.ch\/\" target=\"_blank\">PPTG &#8211; P\u00e8re Pour Toujours Gen\u00e8ve<\/a><br><a rel=\"noreferrer noopener\" href=\"http:\/\/www.mcpn.ch\/\" target=\"_blank\">MCPN &#8211;&nbsp;Mouvement de la Condition Paternelle Neuch\u00e2tel<\/a><br><a rel=\"noreferrer noopener\" href=\"http:\/\/www.mcpvs.ch\/\" target=\"_blank\">MCPVS &#8211; Mouvement de la Condition Paternelle Valais<\/a><\/p><p class=\"has-contrast-2-color has-text-color\">La CROP se r\u00e9jouit d&rsquo;acueillir d&rsquo;autres organisations ayant des objectifs similaires.<\/p>","protected":false},"excerpt":{"rendered":"<p>La cr\u00e9ation de la Coordination Romande des Organisations Paternelles (CROP) en 2007 est la r\u00e9ponse donn\u00e9e par divers mouvements de Suisse francophone \u00e0 leur besoin de renforcer leurs actions communes, en unissant leurs forces. Objectifs : La CROP compl\u00e8te l&rsquo;action des organisations qui y ont adh\u00e9r\u00e9, selon le principe de la subsidiarit\u00e9. Elle agit par &#8230; <a title=\"A Propos de la CROP\" class=\"read-more\" href=\"https:\/\/devtest.mcpf.ch\/?page_id=71\" aria-label=\"En savoir plus sur A Propos de la CROP\">Lire la suite<\/a><\/p>\n","protected":false},"author":1,"featured_media":0,"parent":0,"menu_order":0,"comment_status":"closed","ping_status":"closed","template":"","meta":{"footnotes":""},"class_list":["post-71","page","type-page","status-publish"],"_links":{"self":[{"href":"https:\/\/devtest.mcpf.ch\/index.php?rest_route=\/wp\/v2\/pages\/71"}],"collection":[{"href":"https:\/\/devtest.mcpf.ch\/index.php?rest_route=\/wp\/v2\/pages"}],"about":[{"href":"https:\/\/devtest.mcpf.ch\/index.php?rest_route=\/wp\/v2\/types\/page"}],"author":[{"embeddable":true,"href":"https:\/\/devtest.mcpf.ch\/index.php?rest_route=\/wp\/v2\/users\/1"}],"replies":[{"embeddable":true,"href":"https:\/\/devtest.mcpf.ch\/index.php?rest_route=%2Fwp%2Fv2%2Fcomments&post=71"}],"version-history":[{"count":6,"href":"https:\/\/devtest.mcpf.ch\/index.php?rest_route=\/wp\/v2\/pages\/71\/revisions"}],"predecessor-version":[{"id":364,"href":"https:\/\/devtest.mcpf.ch\/index.php?rest_route=\/wp\/v2\/pages\/71\/revisions\/364"}],"wp:attachment":[{"href":"https:\/\/devtest.mcpf.ch\/index.php?rest_route=%2Fwp%2Fv2%2Fmedia&parent=71"}],"curies":[{"name":"wp","href":"https:\/\/api.w.org\/{rel}","templated":true}]}}

<p class="has-contrast-2-color has-text-color">La création de la Coordination Romande des Organisations Paternelles (CROP) en 2007 est la réponse donnée par divers mouvements de Suisse francophone à leur besoin de renforcer leurs actions communes, en unissant leurs forces.</p><p class="has-contrast-2-color has-text-color">Objectifs :</p><ul class="has-contrast-2-color has-text-color wp-block-list"><li>la centralisation, l&rsquo;échange et la diffusion d&rsquo;informations,</li>

<li>la promotion de la co-parentalité,</li>

<li>les actions de lobbying au niveau de la Suisse francophone,</li>

<li>la coordination avec les organisations homologues de Suisse alémanique et de Suisse italienne.</li></ul><p class="has-contrast-2-color has-text-color">La CROP complète l&rsquo;action des organisations qui y ont adhéré, selon le principe de la subsidiarité.</p><p class="has-contrast-2-color has-text-color">Elle agit par son Bureau, lequel comprend les délégués des organisations membres et des organisations invitées (avec voix consultative), ainsi que des membres invités à titre personnel pour conduire des actions ou pour partager leur expertise dans divers domaines.</p><p class="has-contrast-2-color has-text-color">Elle coordonne son action avec celle de l&rsquo;<a href="http://www.gecobi.ch/" target="_blank" rel="noreferrer noopener">Association suisse pour la coparentalité (GeCoBi)</a>.</p><p class="has-contrast-2-color has-text-color">Les mouvements suivants ont adhéré à ce jour à la CROP :</p><p><a rel="noreferrer noopener" href="http://www.ajcp.ch/" target="_blank">AJCP &#8211; Association jurassienne pour la coparentalité (Canton du Jura, Jura bernois et Bienne)</a><br><a rel="noreferrer noopener" href="http://www.mcpf.ch/" target="_blank">MCPF &#8211; Mouvement de la CoParentalité Fribourg</a><br><a rel="noreferrer noopener" href="http://www.mcpv.ch/" target="_blank">MCPV &#8211; Mouvement de la Condition Paternelle Vaud</a><br><a rel="noreferrer noopener" href="http://www.pptg.ch/" target="_blank">PPTG &#8211; Père Pour Toujours Genève</a><br><a rel="noreferrer noopener" href="http://www.mcpn.ch/" target="_blank">MCPN &#8211;&nbsp;Mouvement de la Condition Paternelle Neuchâtel</a><br><a rel="noreferrer noopener" href="http://www.mcpvs.ch/" target="_blank">MCPVS &#8211; Mouvement de la Condition Paternelle Valais</a></p><p class="has-contrast-2-color has-text-color">La CROP se réjouit d&rsquo;acueillir d&rsquo;autres organisations ayant des objectifs similaires.</p>

<p>La création de la Coordination Romande des Organisations Paternelles (CROP) en 2007 est la réponse donnée par divers mouvements de Suisse francophone à leur besoin de renforcer leurs actions communes, en unissant leurs forces. Objectifs : La CROP complète l&rsquo;action des organisations qui y ont adhéré, selon le principe de la subsidiarité. Elle agit par &#8230; <a title="A Propos de la CROP" class="read-more" href="https://devtest.mcpf.ch/?page_id=71" aria-label="En savoir plus sur A Propos de la CROP">Lire la suite</a></p>
