{"id":136,"date":"2022-08-08T14:00:05","date_gmt":"2022-08-08T14:00:05","guid":{"rendered":"https:\/\/mcpf2020.mcpf.ch\/MCPF2020NewSite\/?page_id=136"},"modified":"2024-02-21T19:23:11","modified_gmt":"2024-02-21T19:23:11","slug":"lassociation-3","status":"publish","type":"page","link":"https:\/\/devtest.mcpf.ch\/?page_id=136","title":{"rendered":"MCPF dates importantes"},"content":{"rendered":"<p>Le MCPF s&rsquo;est constitu\u00e9 durant l&rsquo;ann\u00e9e 2004.<\/p><p>En f\u00e9vrier 2007, le MCPF lance une motion aujourd&rsquo;hui populaire UN ENFANT &#8211; DEUX PARENTS.<\/p><p>Le 08 juin 2007 <strong>munie de 1925 signatures valides<\/strong>, le MCPF soutient une motion populaire d\u00e9pos\u00e9e par la CROP. <br>Elle vise la cr\u00e9ation dans le canton d&rsquo;un Tribunal de la famille interdisciplinaire dot\u00e9 d&rsquo;une nouvelle approche des divorces conflictuels, mettant en priorit\u00e9 l&rsquo;int\u00e9r\u00eat sup\u00e9rieur de l&rsquo;enfant bas\u00e9e sur la M\u00e9thode de Cochem.<\/p><p>En 2010, le MCPF cr\u00e9er l&rsquo;hymne de la souffrance parentale, &lt;&lt;La complainte des papas&gt;&gt; interpr\u00e9t\u00e9 par Rapha\u00ebl Meneghelli &#8211; Le Menestrel. Composition de Rapha\u00ebl Meneghelli et Pierre Baechler.<\/p><p>En 2015, le MCPF change sa mission et passe du Mouvement de la Condition Paternelle de Fribourg au Mouvement de la CoParentalit\u00e9 de Fribourg.<br><br>En 2018, le comit\u00e9 du MCPF est compos\u00e9 de mamans et de papas.<br><br>En 2020, les derniers statuts sont mis \u00e0 jour et notre site internet retrouve sa jeunesse.<\/p><p><\/p><p><\/p><p><\/p><p><\/p>","protected":false},"excerpt":{"rendered":"<p>Le MCPF s&rsquo;est constitu\u00e9 durant l&rsquo;ann\u00e9e 2004. En f\u00e9vrier 2007, le MCPF lance une motion aujourd&rsquo;hui populaire UN ENFANT &#8211; DEUX PARENTS. Le 08 juin 2007 munie de 1925 signatures valides, le MCPF soutient une motion populaire d\u00e9pos\u00e9e par la CROP. Elle vise la cr\u00e9ation dans le canton d&rsquo;un Tribunal de la famille interdisciplinaire dot\u00e9 &#8230; <a title=\"MCPF dates importantes\" class=\"read-more\" href=\"https:\/\/devtest.mcpf.ch\/?page_id=136\" aria-label=\"En savoir plus sur MCPF dates importantes\">Lire la suite<\/a><\/p>\n","protected":false},"author":1,"featured_media":0,"parent":0,"menu_order":0,"comment_status":"closed","ping_status":"closed","template":"","meta":{"footnotes":""},"class_list":["post-136","page","type-page","status-publish"],"_links":{"self":[{"href":"https:\/\/devtest.mcpf.ch\/index.php?rest_route=\/wp\/v2\/pages\/136"}],"collection":[{"href":"https:\/\/devtest.mcpf.ch\/index.php?rest_route=\/wp\/v2\/pages"}],"about":[{"href":"https:\/\/devtest.mcpf.ch\/index.php?rest_route=\/wp\/v2\/types\/page"}],"author":[{"embeddable":true,"href":"https:\/\/devtest.mcpf.ch\/index.php?rest_route=\/wp\/v2\/users\/1"}],"replies":[{"embeddable":true,"href":"https:\/\/devtest.mcpf.ch\/index.php?rest_route=%2Fwp%2Fv2%2Fcomments&post=136"}],"version-history":[{"count":9,"href":"https:\/\/devtest.mcpf.ch\/index.php?rest_route=\/wp\/v2\/pages\/136\/revisions"}],"predecessor-version":[{"id":368,"href":"https:\/\/devtest.mcpf.ch\/index.php?rest_route=\/wp\/v2\/pages\/136\/revisions\/368"}],"wp:attachment":[{"href":"https:\/\/devtest.mcpf.ch\/index.php?rest_route=%2Fwp%2Fv2%2Fmedia&parent=136"}],"curies":[{"name":"wp","href":"https:\/\/api.w.org\/{rel}","templated":true}]}}

<p>Le MCPF s&rsquo;est constitué durant l&rsquo;année 2004.</p><p>En février 2007, le MCPF lance une motion aujourd&rsquo;hui populaire UN ENFANT &#8211; DEUX PARENTS.</p><p>Le 08 juin 2007 <strong>munie de 1925 signatures valides</strong>, le MCPF soutient une motion populaire déposée par la CROP. <br>Elle vise la création dans le canton d&rsquo;un Tribunal de la famille interdisciplinaire doté d&rsquo;une nouvelle approche des divorces conflictuels, mettant en priorité l&rsquo;intérêt supérieur de l&rsquo;enfant basée sur la Méthode de Cochem.</p><p>En 2010, le MCPF créer l&rsquo;hymne de la souffrance parentale, &lt;&lt;La complainte des papas&gt;&gt; interprété par Raphaël Meneghelli &#8211; Le Menestrel. Composition de Raphaël Meneghelli et Pierre Baechler.</p><p>En 2015, le MCPF change sa mission et passe du Mouvement de la Condition Paternelle de Fribourg au Mouvement de la CoParentalité de Fribourg.<br><br>En 2018, le comité du MCPF est composé de mamans et de papas.<br><br>En 2020, les derniers statuts sont mis à jour et notre site internet retrouve sa jeunesse.</p><p></p><p></p><p></p><p></p>

<p>Le MCPF s&rsquo;est constitué durant l&rsquo;année 2004. En février 2007, le MCPF lance une motion aujourd&rsquo;hui populaire UN ENFANT &#8211; DEUX PARENTS. Le 08 juin 2007 munie de 1925 signatures valides, le MCPF soutient une motion populaire déposée par la CROP. Elle vise la création dans le canton d&rsquo;un Tribunal de la famille interdisciplinaire doté &#8230; <a title="MCPF dates importantes" class="read-more" href="https://devtest.mcpf.ch/?page_id=136" aria-label="En savoir plus sur MCPF dates importantes">Lire la suite</a></p>
